 Let k(v) = -5*v**2 + 15*v + 4. Let q(w) = 2*c(w) - k(w). What is the units digit of q(8)?
6
Let c = 604 + -592. Let n = -80 + 132. Suppose c*h = 11*h + n. What is the tens digit of h?
5
Let u(i) = 3*i**3 - 3*i**2 + 9*i + 273. Let g(o) = o**3 - o**2 + 4*o + 137. Let j(v) = 5*g(v) - 2*u(v). What is the hundreds digit of j(0)?
1
Let l = 76 + 192. Suppose -3*q + l - 37 = 0. What is the units digit of q?
7
Suppose 3*f - 4*u = -u + 207, 5*f = -3*u + 313. Suppose -t = -3*s - f, 0 = -s - 3*s + 12. What is the tens digit of t?
7
What is the units digit of ((-40)/(-5))/(8/(-476)*-1)?
6
Suppose 2*k - 530 = -3*k. Let r = -40 + k. What is the units digit of r?
6
Suppose k = 2, -5*k = -m - 8 - 15. Suppose -2*z - 2*j = 30, 4*j = z + 4*z + 75. Let a = m - z. What is the units digit of a?
2
Suppose 35 = 3*m - 145. Let w be m/33 + (-6)/(-33). Suppose -w*l + 2 + 2 = 0. What is the units digit of l?
2
What is the hundreds digit of (-50)/(-40) + (-12022)/(-8) - -4?
5
Let i(g) = g**3 + 11*g**2 - 13*g - 8. Let n be i(-12). Suppose 16 = -n*d, -3*c - 15 = -4*c - 2*d. What is the tens digit of c?
2
Suppose 5*p - 4515 = 3*l, 3*p + 885 = 4*p + 3*l. What is the hundreds digit of p?
9
Let h = 91 - 55. What is the units digit of h?
6
Suppose 2*r = r + 5. Suppose -324 = -8*l + r*l. What is the tens digit of l?
0
Let f be 0 + 153 + 8/2. Let i = -90 + f. Let t = 123 - i. What is the tens digit of t?
5
Let i(s) = -3*s**3 + 3*s**2 + 20*s + 88. What is the thousands digit of i(-8)?
1
Let q(h) = h + 60. Let g be q(-11). Let r = 126 - g. What is the tens digit of r?
7
Let p(m) be the second derivative of m**6/72 + m**5/60 + m**4/6 + 7*m**3/6 - m. Let o(t) be the second derivative of p(t). What is the units digit of o(-2)?
0
Suppose -3*y = -11 - 31. What is the tens digit of (-4)/y + 5 + 1875/21?
9
Let z be 14/21*(-822)/(-4). What is the units digit of z - 0*(-2)/8?
7
Let u = 80 + -51. Let g = u - -8. What is the units digit of g?
7
Let z(i) = 2*i**3 - 3*i**2 - i + 2. Let c be z(2). Let h be (c/((-12)/15))/(-1). Suppose a + h*g - 4*g = 35, -5*a = 4*g - 179. What is the units digit of a?
9
Suppose -262*l + 48741 = -229*l. What is the units digit of l?
7
Let x(k) be the second derivative of -5*k**3/6 - 4*k + 10. Let z be ((-3)/(-4))/(-1)*4. What is the units digit of x(z)?
5
Suppose 5*s = -4*s + 27. Suppose 11 = s*w - 19. What is the units digit of w?
0
Suppose 4*p - 6 = 6. Suppose -2*r + 2 = p*x - 4*x, 0 = -5*r - 3*x + 16. Suppose r*l - 6 = 64. What is the units digit of l?
5
Suppose -7 = -j - 2. Suppose -2*f + j*f = 4*i - 12, -16 = 5*i + 4*f. Suppose 3*c - 2*w - 13 = 13, 5*c - 3*w - 42 = i. What is the units digit of c?
6
Let u(h) = 108*h**2 + 3*h - 2. What is the hundreds digit of u(2)?
4
Suppose -t = -3, 2*b + 5*t = -2*b + 35. Let n(l) = l + b*l + 5*l. What is the tens digit of n(2)?
2
Let u = 13 + -7. Let t(b) = -b - 8. Let y be t(-11). Suppose 34 = p + 5*h, -h = p - y*h - u. What is the units digit of p?
4
Let g = 23 + -20. Suppose 2*x + 2*m = 562, x - m - 277 = -g*m. What is the units digit of x?
5
Let x = 970 - 321. What is the hundreds digit of x?
6
Suppose 0 = -2*o + 6, 3*f = 2*f - 2*o + 2679. What is the thousands digit of f?
2
Let o be (-4)/(-6) - (-406)/21. Let m be (11/5 + 1)*o. Suppose -m - 56 = -4*f. What is the units digit of f?
0
Suppose -1796 = -2*p - 4*o, 28*p - 24*p - 3604 = -2*o. What is the hundreds digit of p?
9
Let q(r) = 40*r - 4. Let d be q(2). What is the units digit of ((-126)/15)/(-4 - d/(-20))?
2
Suppose j + 51 = q + 4*q, -5*q = j - 49. Let g = -23 + q. What is the tens digit of (-1788)/(-39) + (-2)/g?
4
Suppose 0 = -s - 2 + 41. Let k = s - 21. Suppose 4*j - l = 123, 3*l + k + 10 = j. What is the tens digit of j?
3
What is the thousands digit of (9 + 2889/36)*12?
1
Let m(n) = 3 + 2 - 36*n**2 + 4*n + 35*n**2. Let r be m(5). Suppose -p = -0*p, w - 4*p - 68 = r. What is the tens digit of w?
6
Let a = -362 + 3436. What is the units digit of a?
4
Let s be ((-4)/(-5))/4 + (-33)/15. What is the tens digit of s + 33/18 - (-326)/12?
2
Let q(p) = p**3 - 11*p**2 - 11*p + 38. Let j be q(11). What is the tens digit of 1/(-1) - j/1?
8
Suppose -5*d = -5*w + 20, -d - 24 = -4*w - w. Suppose -y + d = -3. Suppose -6 = -4*v + 5*r, 4*v - 4*r = -y + 12. What is the units digit of v?
4
Let f(b) = 3*b + 17. Let w be f(-7). Let t be (-2)/w - 27/(-6). Suppose 48 = -4*c + t*u + 190, 4*u - 91 = -3*c. What is the tens digit of c?
3
Let p(b) = b - 9. Let s be p(13). Suppose 3*g - 504 = -s*g. What is the tens digit of g?
7
Let k = 35 - 18. Let q be k/4 + 3/4. What is the tens digit of (20 + -2)/(q - 4)?
1
Suppose -5*o + 5*i + 1353 = -87, -5*i - 300 = -o. What is the units digit of o?
5
Suppose 10*f = -2*f + 13380. What is the units digit of f?
5
Suppose -454 = -11*u + 9*u. Suppose -19 - u = -i. What is the hundreds digit of i?
2
Let d = -725 - -2016. What is the tens digit of d?
9
Suppose 12 = n - 4*g, n - 5*g - 19 + 4 = 0. Suppose n = 12*d - 4*d - 840. What is the units digit of d?
5
Let m = -4825 + 7485. What is the tens digit of m?
6
Let g(x) = -23*x - 13. What is the units digit of g(-2)?
3
Let t be (-34)/(4 + (-4 - -1))*-1. Suppose 105 + t = r. What is the tens digit of r?
3
Suppose -s + 364 = -3*a, 32*s + 365 = 33*s - 2*a. What is the hundreds digit of s?
3
Let f = -2300 - -3215. What is the hundreds digit of f?
9
Suppose 0 = -22*h + 27*h - 465. What is the units digit of h*48/54 - 2/(-6)?
3
Let u(i) = 2*i - 9. Let g(h) = -h + 4. Let a(p) = 5*g(p) + 2*u(p). Let r be a(-4). Let b = r - 2. What is the units digit of b?
4
Let q be 15/20 + 5/4. Suppose 3*s = -0*c - 3*c + 75, -5*s - q*c + 128 = 0. Let a = -5 + s. What is the units digit of a?
1
Let o(m) = m**2 - 6*m + 78. What is the hundreds digit of o(-20)?
5
Suppose -5*l = 2*o - 10326, -5*l - 3*o + 5220 = -5109. Suppose 18*a + l = 26*a. What is the units digit of a?
8
Suppose -1431 = -8*l + 1697. What is the tens digit of l?
9
Suppose -i = 3*z - 2787, 2*z + 4*i = 2*i + 1854. What is the units digit of z?
0
Suppose 0 = -31*s + 30*s + 641. What is the tens digit of s?
4
Let v(u) = u**3 + 3*u**2 + u + 5. Let d be v(-3). Suppose 190 = -d*l + 4*l - 2*c, -3*c = -5*l + 475. What is the units digit of l?
5
Suppose -4*b + 18 = 2. Suppose r - 14 = 2*c - b*r, 6 = 2*c + 5*r. Let y(a) = -4*a**3 - a**2 + 3*a + 1. What is the units digit of y(c)?
3
Let i(y) = 182*y + 9. Let v be i(-15). What is the hundreds digit of 2/9 + v/(-27)?
1
Let r(l) = 32*l + 8. Let w be r(15). Let k = w - 346. What is the units digit of k?
2
Suppose 28 = 5*w - 7. Suppose 0 = -k - 0*q - 4*q - w, 3*k - q = 18. Suppose k*n = o + 3*o - 27, 4*o - 18 = 2*n. What is the units digit of o?
3
Let b(f) = -f**2 - 8*f - 7. Let a be b(-8). Let t be (a - -10)*2/3. Suppose 3*z + 5*o - 35 = 0, -2*z - z - t*o = -50. What is the units digit of z?
0
Let i = 5673 - 2989. What is the units digit of i?
4
Suppose z = -1 + 2, 4*n - z - 3923 = 0. What is the tens digit of n?
8
Let z(l) = 8*l + 10 + 15 - 7 - 4*l. Let b(p) = 7*p + 36. Let v(n) = 3*b(n) - 5*z(n). What is the tens digit of v(0)?
1
Let x = 72 - 66. Suppose -2*d + x*d = -5*q + 789, -5*d + 970 = 3*q. What is the tens digit of d?
9
Suppose -5*y + 43 = 3*o - 0*o, -3*y + 5*o = -19. Let q(d) = d - 5. Let w be q(y). Suppose -w*b - 20 = -8*b. What is the units digit of b?
4
Let y(r) = -4*r**2 - 4*r - 12. Let j(b) = 4*b**2 + 4*b + 11. Let f(i) = -3*j(i) - 4*y(i). What is the units digit of f(-4)?
3
Let c(p) = -p**2 - 20*p + 19. What is the tens digit of c(-10)?
1
Let k be 2/(-5) + 44/10. Let r(s) = 17*s + 0*s - 5*s - 2. What is the tens digit of r(k)?
4
Let z(y) = y**3 - 14*y**2 - 3. Let x be z(14). What is the tens digit of (-67)/((4 - 1)/x)?
6
Let c(k) = -k**2 + k + 11. Let b be c(3). Suppose 0*o = b*o - 460. What is the tens digit of o?
9
What is the units digit of 6/((-18)/(-79))*(2 + 1)?
9
Let l(c) = -7*c - 3. Suppose 6 = -2*q - 18. What is the units digit of l(q)?
1
Let m(d) be the first derivative of 5*d**3/3 + 5*d**2/2 + 5*d + 512. Let t(b) = 3*b. Let n be t(-1). What is the units digit of m(n)?
5
Suppose 5*p - 6842 = -3*n, -5*p - 2*n + 9456 - 2613 = 0. What is the thousands digit of p?
1
What is the units digit of (-9 - -8)*(-16)/(-12)*-189?
2
Let n = 6673 + -1576. What is the thousands digit of n?
5
Let k(a) = a**3 + 2*a + 1. 